{"id":648,"date":"2021-10-15T13:23:56","date_gmt":"2021-10-15T13:23:56","guid":{"rendered":"http:\/\/z.commonsupport.com\/scubo\/?page_id=648"},"modified":"2026-02-21T12:54:56","modified_gmt":"2026-02-21T12:54:56","slug":"expedicoes-de-mergulho","status":"publish","type":"page","link":"https:\/\/somossubaquatica.com.br\/index.php\/expedicoes-de-mergulho\/","title":{"rendered":"VIAGENS"},"content":{"rendered":"\t\t<div data-elementor-type=\"wp-page\" data-elementor-id=\"648\" class=\"elementor elementor-648\">\n\t\t\t\t\t\t<section class=\"elementor-section elementor-top-section elementor-element elementor-element-1c6a859 elementor-section-full_width elementor-section-height-default elementor-section-height-default\" data-id=\"1c6a859\" data-element_type=\"section\" data-e-type=\"section\">\n\t\t\t\t\t\t<div class=\"elementor-container elementor-column-gap-no\">\n\t\t\t\t\t<div class=\"elementor-column elementor-col-100 elementor-top-column elementor-element elementor-element-9355fb5\" data-id=\"9355fb5\" data-element_type=\"column\" data-e-type=\"column\">\n\t\t\t<div class=\"elementor-widget-wrap elementor-element-populated\">\n\t\t\t\t\t\t<div class=\"elementor-element elementor-element-592c6ba elementor-widget elementor-widget-scubo_feature\" data-id=\"592c6ba\" data-element_type=\"widget\" data-e-type=\"widget\" data-widget_type=\"scubo_feature.default\">\n\t\t\t\t<div class=\"elementor-widget-container\">\n\t\t\t\t\t\n        <section class=\"feature-two \">\n            <div class=\"container\">\n                <div class=\"row\">\n\t\t\t\t\t                    <div class=\"col-lg-4 wow fadeInUp\" data-wow-duration=\"1500ms\" data-wow-delay=\"000ms\">\n                        <div class=\"feature-two__single\">\n                            <div class=\"feature-two__image\">\n                                <img decoding=\"async\" src=\"https:\/\/somossubaquatica.com.br\/wp-content\/uploads\/2026\/02\/Design-sem-nome-e1771592661231.png\" alt=\"10 a 13 de Abril\">\n                            <\/div><!-- \/.feature-two__image -->\n                            <div class=\"feature-two__content\">\n                                <h3><a href=\"https:\/\/somossubaquatica.com.br\/index.php\/mergulhe-em-armacao-dos-buzios\/\">B\u00fazios RJ - 10 a 13 de Abril<\/a><\/h3>\n                                <p>Hora de mergulhar em um dos\ndestinos mais especiais da Regi\u00e3o\n\ndos Lagos.\n\nSer\u00e3o dois dias lindos de mar,\n perfeitos para\nquem busca visibilidade,\ntranquilidade e um clima na cidade\nque s\u00f3 B\u00fazios oferece.<\/p>\n                            <\/div><!-- \/.feature-two__content -->\n                        <\/div><!-- \/.feature-two__single -->\n                    <\/div><!-- \/.col-lg-4 -->\n\t\t\t\t\t                    <div class=\"col-lg-4 wow fadeInUp\" data-wow-duration=\"1500ms\" data-wow-delay=\"000ms\">\n                        <div class=\"feature-two__single\">\n                            <div class=\"feature-two__image\">\n                                <img decoding=\"async\" src=\"https:\/\/somossubaquatica.com.br\/wp-content\/uploads\/2026\/02\/Scuba-Diver-Joey-and-a-Piece-of-Soft-Coral-on-the-Reef-of-Bonaire-Dutch-Caribbean-e1771593617347.jpg\" alt=\"20 a 27 de maio\">\n                            <\/div><!-- \/.feature-two__image -->\n                            <div class=\"feature-two__content\">\n                                <h3><a href=\"https:\/\/somossubaquatica.com.br\/index.php\/bonaire2026\/\">Bonaire - 20 a 27 de maio<\/a><\/h3>\n                                <p>Bonaire \u00e9 considerada a capital do\nmergulho de praia no Caribe.\nCom uma biodiversidade incr\u00edvel, \u00e9 considerado\num verdadeiro aqu\u00e1rio natural,\npreservado e vibrante, perfeito\npara mergulhos ilimitados.<\/p>\n                            <\/div><!-- \/.feature-two__content -->\n                        <\/div><!-- \/.feature-two__single -->\n                    <\/div><!-- \/.col-lg-4 -->\n\t\t\t\t\t                    <div class=\"col-lg-4 wow fadeInUp\" data-wow-duration=\"1500ms\" data-wow-delay=\"000ms\">\n                        <div class=\"feature-two__single\">\n                            <div class=\"feature-two__image\">\n                                <img decoding=\"async\" src=\"https:\/\/somossubaquatica.com.br\/wp-content\/uploads\/2026\/02\/temporada-de-baleias-em-ilhabela-baleia-jubarte-arlaine-francisco-projeto-baleia-a-vista-e1771593685718.jpg\" alt=\"\">\n                            <\/div><!-- \/.feature-two__image -->\n                            <div class=\"feature-two__content\">\n                                <h3><a href=\"https:\/\/somossubaquatica.com.br\/index.php\/baleias-em-ilhabela\/\">Ilhabela SP - 04 a 07 de Junho<\/a><\/h3>\n                                <p>Esta n\u00e3o \u00e9 uma simples excurs\u00e3o\ntur\u00edstica, mas uma expedi\u00e7\u00e3o de\nalma desenhada para quem busca\nconex\u00e3o real com os animais e natureza. Mergulhos, avistamento de cetaceos e trilha noturna.<\/p>\n                            <\/div><!-- \/.feature-two__content -->\n                        <\/div><!-- \/.feature-two__single -->\n                    <\/div><!-- \/.col-lg-4 -->\n\t\t\t\t\t                    <div class=\"col-lg-4 wow fadeInUp\" data-wow-duration=\"1500ms\" data-wow-delay=\"000ms\">\n                        <div class=\"feature-two__single\">\n                            <div class=\"feature-two__image\">\n                                <img decoding=\"async\" src=\"https:\/\/somossubaquatica.com.br\/wp-content\/uploads\/2026\/02\/1-x-1-terceiro-post-e1771592852163.jpg\" alt=\"\">\n                            <\/div><!-- \/.feature-two__image -->\n                            <div class=\"feature-two__content\">\n                                <h3><a href=\"https:\/\/somossubaquatica.com.br\/index.php\/mergulhe-em-fernando-de-noronha\/\">Noronha PE - 25 a 29 de setembro<\/a><\/h3>\n                                <p>Noronha \u00e9 considerado um dos\nmelhores destinos de mergulho do\nBrasil \u2014 visibilidade que\nultrapassa os 40 metros, \u00e1guas\nquentes o ano todo e uma vida\nmarinha vibrante e diversa.<\/p>\n                            <\/div><!-- \/.feature-two__content -->\n                        <\/div><!-- \/.feature-two__single -->\n                    <\/div><!-- \/.col-lg-4 -->\n\t\t\t\t\t                    <div class=\"col-lg-4 wow fadeInUp\" data-wow-duration=\"1500ms\" data-wow-delay=\"000ms\">\n                        <div class=\"feature-two__single\">\n                            <div class=\"feature-two__image\">\n                                <img decoding=\"async\" src=\"https:\/\/somossubaquatica.com.br\/wp-content\/uploads\/2026\/02\/mergulho-joao-pessoa-somossub-scaled-e1771593185804.jpg\" alt=\"\">\n                            <\/div><!-- \/.feature-two__image -->\n                            <div class=\"feature-two__content\">\n                                <h3><a href=\"https:\/\/somossubaquatica.com.br\/index.php\/mergulhe-em-joao-pessoa\/\">Jo\u00e3o Pessoa PA- 19 a 23 de novembro<\/a><\/h3>\n                                <p>No fundo do mar, encontramos um verdadeiro museu subaqu\u00e1tico que se transformou em ber\u00e7\u00e1rio de vida marinha.\nPrepare o cilindro para explorar tr\u00eas naufr\u00e1gios incr\u00edveis.<\/p>\n                            <\/div><!-- \/.feature-two__content -->\n                        <\/div><!-- \/.feature-two__single -->\n                    <\/div><!-- \/.col-lg-4 -->\n\t\t\t\t\t                    <div class=\"col-lg-4 wow fadeInUp\" data-wow-duration=\"1500ms\" data-wow-delay=\"000ms\">\n                        <div class=\"feature-two__single\">\n                            <div class=\"feature-two__image\">\n                                <img decoding=\"async\" src=\"https:\/\/somossubaquatica.com.br\/wp-content\/uploads\/2026\/02\/WhatsApp-Image-2026-02-19-at-19.06.36-e1771593305661.jpeg\" alt=\"\">\n                            <\/div><!-- \/.feature-two__image -->\n                            <div class=\"feature-two__content\">\n                                <h3><a href=\"https:\/\/somossubaquatica.com.br\/index.php\/abrolhos-carnaval-2027\/\">Abrolhos BA - 05 a 10 de fevereiro<\/a><\/h3>\n                                <p>O Parque Nacional Marinho de\nAbrolhos \u00e9 um dos destinos mais\nimpressionantes do Brasil para\nmergulhadores. A biodiversidade,\na visibilidade e a variedade dos\npontos tornam cada mergulho\n\u00fanico e inesquec\u00edvel.<\/p>\n                            <\/div><!-- \/.feature-two__content -->\n                        <\/div><!-- \/.feature-two__single -->\n                    <\/div><!-- \/.col-lg-4 -->\n\t\t\t\t\t                <\/div><!-- \/.row -->\n            <\/div><!-- \/.container -->\n        <\/section><!-- \/.feature-two -->\n            \n\t\t\t\t\t\t<\/div>\n\t\t\t\t<\/div>\n\t\t\t\t\t<\/div>\n\t\t<\/div>\n\t\t\t\t\t<\/div>\n\t\t<\/section>\n\t\t\t\t<section class=\"elementor-section elementor-top-section elementor-element elementor-element-3dc47ba elementor-section-full_width elementor-section-height-default elementor-section-height-default\" data-id=\"3dc47ba\" data-element_type=\"section\" data-e-type=\"section\">\n\t\t\t\t\t\t<div class=\"elementor-container elementor-column-gap-no\">\n\t\t\t\t\t<div class=\"elementor-column elementor-col-100 elementor-top-column elementor-element elementor-element-bdc2908\" data-id=\"bdc2908\" data-element_type=\"column\" data-e-type=\"column\">\n\t\t\t<div class=\"elementor-widget-wrap elementor-element-populated\">\n\t\t\t\t\t\t<div class=\"elementor-element elementor-element-2588d54 elementor-widget elementor-widget-scubo_h1_cta2\" data-id=\"2588d54\" data-element_type=\"widget\" data-e-type=\"widget\" data-widget_type=\"scubo_h1_cta2.default\">\n\t\t\t\t<div class=\"elementor-widget-container\">\n\t\t\t\t\t\n        <section class=\"cta-three \">\n\t\t\t            <img decoding=\"async\" src=\"https:\/\/somossubaquatica.com.br\/wp-content\/uploads\/2021\/04\/cta-1-1.png\" class=\"cta-three__moc wow fadeInRight\" data-wow-duration=\"1500ms\" alt=\"\">\n\t\t\t            <div class=\"container\">\n                <div class=\"cta-three__title\">Preparados para conhecer novos lugares?<\/div><!-- \/.cta-three__title -->\n                <div class=\"cta-three__content\">\n                    <div class=\"cta-three__content-inner\">\n                        <div class=\"block-title\">\n                            <p class=\"text-uppercase\">Um mundo inteiro nos espera<\/p>\n                            <h3 class=\"text-uppercase\">Conhe\u00e7a novos lugares<br> e novas pessoas<\/h3>\n                        <\/div><!-- \/.block-title -->\n                        <p>Acreditamos que viajar \u00e9 mais do que mudar de lugar, \u00e9 abrir\nespa\u00e7o pra novas conex\u00f5es, sair do autom\u00e1tico, criar la\u00e7os\nverdadeiros, <br>viver o presente com consci\u00eancia e voltar pra casa\n\ncom o cora\u00e7\u00e3o cheio.<\/p>\n\t\t\t\t\t\t                        <a href=\"http:\/\/wa.me\/5551992513859\" class=\"thm-btn cta-three__btn\">Quero viajar<\/a>\n\t\t\t\t\t\t\t\t\t\t\t\t<!-- \/.thm-btn cta-three__btn -->\n                    <\/div><!-- \/.cta-three__content-inner -->\n                <\/div><!-- \/.cta-three__content -->\n            <\/div><!-- \/.container -->\n        <\/section><!-- \/.cta-three -->\n            \n\t\t\t\t\t\t<\/div>\n\t\t\t\t<\/div>\n\t\t\t\t\t<\/div>\n\t\t<\/div>\n\t\t\t\t\t<\/div>\n\t\t<\/section>\n\t\t\t\t<section class=\"elementor-section elementor-top-section elementor-element elementor-element-ca35761 elementor-section-full_width elementor-section-height-default elementor-section-height-default\" data-id=\"ca35761\" data-element_type=\"section\" data-e-type=\"section\">\n\t\t\t\t\t\t<div class=\"elementor-container elementor-column-gap-no\">\n\t\t\t\t\t<div class=\"elementor-column elementor-col-100 elementor-top-column elementor-element elementor-element-3968e62\" data-id=\"3968e62\" data-element_type=\"column\" data-e-type=\"column\">\n\t\t\t<div class=\"elementor-widget-wrap elementor-element-populated\">\n\t\t\t\t\t\t<div class=\"elementor-element elementor-element-2b7a57b elementor-widget elementor-widget-scubo_h1_cta3\" data-id=\"2b7a57b\" data-element_type=\"widget\" data-e-type=\"widget\" data-widget_type=\"scubo_h1_cta3.default\">\n\t\t\t\t<div class=\"elementor-widget-container\">\n\t\t\t\t\t\n        <div class=\"cta-three__feature \">\n            <div class=\"container\">\n                <div class=\"row\">\n\t\t\t\t\t                    <div class=\"col-lg-4\">\n                        <div class=\"cta-three__feature-box\">\n                            <div class=\"cta-three__feature-box-icon\">\n                                <i class=\"scubo-icon-checked\"><\/i>\n                            <\/div><!-- \/.cta-three__feature-box-icon -->\n                            <h3>oportunidades infinitas <br>est\u00e3o  nos esperando<\/h3>\n                        <\/div><!-- \/.cta-three__feature-box -->\n                    <\/div><!-- \/.col-lg-4 -->\n\t\t\t\t\t                    <div class=\"col-lg-4\">\n                        <div class=\"cta-three__feature-box\">\n                            <div class=\"cta-three__feature-box-icon\">\n                                <i class=\"scubo-icon-checked\"><\/i>\n                            <\/div><!-- \/.cta-three__feature-box-icon -->\n                            <h3>viaje no passado e <br> conhe\u00e7a novos naufr\u00e1gios <\/h3>\n                        <\/div><!-- \/.cta-three__feature-box -->\n                    <\/div><!-- \/.col-lg-4 -->\n\t\t\t\t\t                    <div class=\"col-lg-4\">\n                        <div class=\"cta-three__feature-box\">\n                            <div class=\"cta-three__feature-box-icon\">\n                                <i class=\"scubo-icon-checked\"><\/i>\n                            <\/div><!-- \/.cta-three__feature-box-icon -->\n                            <h3>Novas pessoa, <br> Culturas diferentes<\/h3>\n                        <\/div><!-- \/.cta-three__feature-box -->\n                    <\/div><!-- \/.col-lg-4 -->\n\t\t\t\t\t                    <div class=\"col-lg-4\">\n                        <div class=\"cta-three__feature-box\">\n                            <div class=\"cta-three__feature-box-icon\">\n                                <i class=\"scubo-icon-checked\"><\/i>\n                            <\/div><!-- \/.cta-three__feature-box-icon -->\n                            <h3>Intera\u00e7\u00e3o com o universo sub,  vida marinha abundante<\/h3>\n                        <\/div><!-- \/.cta-three__feature-box -->\n                    <\/div><!-- \/.col-lg-4 -->\n\t\t\t\t\t                    <div class=\"col-lg-4\">\n                        <div class=\"cta-three__feature-box\">\n                            <div class=\"cta-three__feature-box-icon\">\n                                <i class=\"scubo-icon-checked\"><\/i>\n                            <\/div><!-- \/.cta-three__feature-box-icon -->\n                            <h3>cada detalhe pensado para que voc\u00ea curta cada momento<\/h3>\n                        <\/div><!-- \/.cta-three__feature-box -->\n                    <\/div><!-- \/.col-lg-4 -->\n\t\t\t\t\t                    <div class=\"col-lg-4\">\n                        <div class=\"cta-three__feature-box\">\n                            <div class=\"cta-three__feature-box-icon\">\n                                <i class=\"scubo-icon-checked\"><\/i>\n                            <\/div><!-- \/.cta-three__feature-box-icon -->\n                            <h3>Viva o hoje, <br> Viva o agora<\/h3>\n                        <\/div><!-- \/.cta-three__feature-box -->\n                    <\/div><!-- \/.col-lg-4 -->\n\t\t\t\t\t                <\/div><!-- \/.row -->\n            <\/div><!-- \/.container -->\n        <\/div><!-- \/.cta-three__feature -->\n            \n\t\t\t\t\t\t<\/div>\n\t\t\t\t<\/div>\n\t\t\t\t\t<\/div>\n\t\t<\/div>\n\t\t\t\t\t<\/div>\n\t\t<\/section>\n\t\t\t\t<\/div>\n\t\t","protected":false},"excerpt":{"rendered":"<p>B\u00fazios RJ &#8211; 10 a 13 de Abril Hora de mergulhar em um dos destinos mais especiais da Regi\u00e3o dos Lagos. Ser\u00e3o dois dias lindos de mar, perfeitos para quem busca visibilidade, tranquilidade e um clima na cidade que s\u00f3 B\u00fazios oferece. Bonaire &#8211; 20 a 27 de maio Bonaire \u00e9 considerada a capital do [&hellip;]<\/p>\n","protected":false},"author":1,"featured_media":0,"parent":0,"menu_order":0,"comment_status":"closed","ping_status":"closed","template":"tpl-default-elementor.php","meta":{"footnotes":""},"class_list":["post-648","page","type-page","status-publish","hentry"],"_links":{"self":[{"href":"https:\/\/somossubaquatica.com.br\/index.php\/wp-json\/wp\/v2\/pages\/648","targetHints":{"allow":["GET"]}}],"collection":[{"href":"https:\/\/somossubaquatica.com.br\/index.php\/wp-json\/wp\/v2\/pages"}],"about":[{"href":"https:\/\/somossubaquatica.com.br\/index.php\/wp-json\/wp\/v2\/types\/page"}],"author":[{"embeddable":true,"href":"https:\/\/somossubaquatica.com.br\/index.php\/wp-json\/wp\/v2\/users\/1"}],"replies":[{"embeddable":true,"href":"https:\/\/somossubaquatica.com.br\/index.php\/wp-json\/wp\/v2\/comments?post=648"}],"version-history":[{"count":21,"href":"https:\/\/somossubaquatica.com.br\/index.php\/wp-json\/wp\/v2\/pages\/648\/revisions"}],"predecessor-version":[{"id":1298,"href":"https:\/\/somossubaquatica.com.br\/index.php\/wp-json\/wp\/v2\/pages\/648\/revisions\/1298"}],"wp:attachment":[{"href":"https:\/\/somossubaquatica.com.br\/index.php\/wp-json\/wp\/v2\/media?parent=648"}],"curies":[{"name":"wp","href":"https:\/\/api.w.org\/{rel}","templated":true}]}}