{"id":282,"date":"2021-04-16T10:09:54","date_gmt":"2021-04-16T10:09:54","guid":{"rendered":"http:\/\/z.commonsupport.com\/scubo\/?page_id=282"},"modified":"2026-02-26T13:31:11","modified_gmt":"2026-02-26T13:31:11","slug":"cursos-de-mergulho-padi-em-porto-alegre","status":"publish","type":"page","link":"https:\/\/somossubaquatica.com.br\/index.php\/cursos-de-mergulho-padi-em-porto-alegre\/","title":{"rendered":"Cursos"},"content":{"rendered":"\t\t<div data-elementor-type=\"wp-page\" data-elementor-id=\"282\" class=\"elementor elementor-282\">\n\t\t\t\t\t\t<section class=\"elementor-section elementor-top-section elementor-element elementor-element-5d4aacf3 elementor-section-full_width elementor-section-height-default elementor-section-height-default\" data-id=\"5d4aacf3\" data-element_type=\"section\" data-e-type=\"section\">\n\t\t\t\t\t\t<div class=\"elementor-container elementor-column-gap-no\">\n\t\t\t\t\t<div class=\"elementor-column elementor-col-100 elementor-top-column elementor-element elementor-element-7c825c39\" data-id=\"7c825c39\" data-element_type=\"column\" data-e-type=\"column\">\n\t\t\t<div class=\"elementor-widget-wrap elementor-element-populated\">\n\t\t\t\t\t\t<div class=\"elementor-element elementor-element-1c8ead03 elementor-widget elementor-widget-scubo_course\" data-id=\"1c8ead03\" data-element_type=\"widget\" data-e-type=\"widget\" data-widget_type=\"scubo_course.default\">\n\t\t\t\t<div class=\"elementor-widget-container\">\n\t\t\t\t\t\n\t\t<section class=\"course-one \">\n\t\t\t<div class=\"container\">\n\t\t\t\t<div class=\"row\">\n\t\t\t\t\t\t\t\t\t\t<div class=\"col-lg-4 col-md-6\">\n\t\t\t\t\t\t<div class=\"course-one__single\">\n                            <div class=\"course-one__image\">\n                                <a href=\"https:\/\/somossubaquatica.com.br\/index.php\/open-water-diver\/\" class=\"course-one__cat\">Primeiro curso<\/a>\n                                <div class=\"course-one__image-inner\">\n                                    <img decoding=\"async\" src=\"https:\/\/somossubaquatica.com.br\/wp-content\/uploads\/2026\/02\/WhatsApp-Image-2026-02-19-at-19.06.14-e1771596871917.jpeg\" alt=\"\">\n                                    <a href=\"https:\/\/somossubaquatica.com.br\/index.php\/open-water-diver\/\"><i class=\"scubo-icon-plus-symbol\"><\/i><\/a>\n                                <\/div><!-- \/.course-one__image-inner -->\n                            <\/div><!-- \/.course-one__image -->\n                            <div class=\"course-one__content hvr-sweep-to-bottom\">\n                                <h3><a href=\"https:\/\/somossubaquatica.com.br\/index.php\/open-water-diver\/\">Open Water Diver<\/a><\/h3>\n                                <p>\u00c9 neste curso que voc\u00ea aprender\u00e1 os fundamentos e t\u00e9cnicas para se tornar um mergulhador certificado.\nAo finalizar voc\u00ea receber\u00e1 a certifica\u00e7\u00e3o internacional PADI e ficar\u00e1 habilitado a mergulhar at\u00e9 18 metros de profundidade.<\/p>\n                            <\/div><!-- \/.course-one__content -->\n\t\t\t\t\t\t\t                            <a href=\"https:\/\/somossubaquatica.com.br\/index.php\/open-water-diver\/\" class=\"course-one__book-link\">Quero ser mergulhador (a)<\/a>\n\t\t\t\t\t\t\t                        <\/div><!-- \/.course-one__single -->\n\t\t\t\t\t<\/div><!-- \/.col-lg-4 col-md-6 -->\n\t\t\t\t\t\t\t\t\t\t<div class=\"col-lg-4 col-md-6\">\n\t\t\t\t\t\t<div class=\"course-one__single\">\n                            <div class=\"course-one__image\">\n                                <a href=\"https:\/\/somossubaquatica.com.br\/index.php\/advanced-open-water-diver-padi\/\" class=\"course-one__cat\">Avan\u00e7ado <\/a>\n                                <div class=\"course-one__image-inner\">\n                                    <img decoding=\"async\" src=\"https:\/\/somossubaquatica.com.br\/wp-content\/uploads\/2026\/02\/WhatsApp-Image-2026-02-19-at-19.06.36-1-e1771597172526.jpeg\" alt=\"\">\n                                    <a href=\"https:\/\/somossubaquatica.com.br\/index.php\/advanced-open-water-diver-padi\/\"><i class=\"scubo-icon-plus-symbol\"><\/i><\/a>\n                                <\/div><!-- \/.course-one__image-inner -->\n                            <\/div><!-- \/.course-one__image -->\n                            <div class=\"course-one__content hvr-sweep-to-bottom\">\n                                <h3><a href=\"https:\/\/somossubaquatica.com.br\/index.php\/advanced-open-water-diver-padi\/\">Advanced Open Water Diver<\/a><\/h3>\n                                <p>Neste curso vamos ampliar suas habilidades de mergulho, atrav\u00e9s de diferentes mergulhos de aventura. <br>Ao finalizar este curso voc\u00ea receber\u00e1 a certifica\u00e7\u00e3o PADI e poder\u00e1 mergulhar at\u00e9 30 metros  de profundidade.<\/p>\n                            <\/div><!-- \/.course-one__content -->\n\t\t\t\t\t\t\t                            <a href=\"https:\/\/somossubaquatica.com.br\/index.php\/advanced-open-water-diver-padi\/\" class=\"course-one__book-link\">Quero ser Advanced<\/a>\n\t\t\t\t\t\t\t                        <\/div><!-- \/.course-one__single -->\n\t\t\t\t\t<\/div><!-- \/.col-lg-4 col-md-6 -->\n\t\t\t\t\t\t\t\t\t\t<div class=\"col-lg-4 col-md-6\">\n\t\t\t\t\t\t<div class=\"course-one__single\">\n                            <div class=\"course-one__image\">\n                                <a href=\"https:\/\/somossubaquatica.com.br\/index.php\/rescue-diver-padi\/\" class=\"course-one__cat\">Mergulhador de Resgate<\/a>\n                                <div class=\"course-one__image-inner\">\n                                    <img decoding=\"async\" src=\"https:\/\/somossubaquatica.com.br\/wp-content\/uploads\/2026\/02\/WhatsApp-Image-2026-02-20-at-11.13.33-e1771597289476.jpeg\" alt=\"\">\n                                    <a href=\"https:\/\/somossubaquatica.com.br\/index.php\/rescue-diver-padi\/\"><i class=\"scubo-icon-plus-symbol\"><\/i><\/a>\n                                <\/div><!-- \/.course-one__image-inner -->\n                            <\/div><!-- \/.course-one__image -->\n                            <div class=\"course-one__content hvr-sweep-to-bottom\">\n                                <h3><a href=\"https:\/\/somossubaquatica.com.br\/index.php\/rescue-diver-padi\/\">Rescue Diver<\/a><\/h3>\n                                <p>Participando do Curso  de Primeiros Socorros e Mergulhador de Resgate, voc\u00ea receber\u00e1 mais duas certifica\u00e7\u00f5es e aprender\u00e1 a lidar em situa\u00e7\u00f5es de emerg\u00eancias em terra e no mergulho.\n\nVoc\u00ea aprender\u00e1 a olhar al\u00e9m de si mesmos e a considerar a seguran\u00e7a e bem-estar de outros mergulhadores.<\/p>\n                            <\/div><!-- \/.course-one__content -->\n\t\t\t\t\t\t\t                            <a href=\"https:\/\/somossubaquatica.com.br\/index.php\/rescue-diver-padi\/\" class=\"course-one__book-link\">Quero ser Rescue Diver<\/a>\n\t\t\t\t\t\t\t                        <\/div><!-- \/.course-one__single -->\n\t\t\t\t\t<\/div><!-- \/.col-lg-4 col-md-6 -->\n\t\t\t\t\t\t\t\t\t\t<div class=\"col-lg-4 col-md-6\">\n\t\t\t\t\t\t<div class=\"course-one__single\">\n                            <div class=\"course-one__image\">\n                                <a href=\"http:\/\/wa.me\/5551992513859\" class=\"course-one__cat\">Profissional<\/a>\n                                <div class=\"course-one__image-inner\">\n                                    <img decoding=\"async\" src=\"https:\/\/somossubaquatica.com.br\/wp-content\/uploads\/2026\/02\/mergulho-abrolhos-scaled.jpeg\" alt=\"\">\n                                    <a href=\"http:\/\/wa.me\/5551992513859\"><i class=\"scubo-icon-plus-symbol\"><\/i><\/a>\n                                <\/div><!-- \/.course-one__image-inner -->\n                            <\/div><!-- \/.course-one__image -->\n                            <div class=\"course-one__content hvr-sweep-to-bottom\">\n                                <h3><a href=\"http:\/\/wa.me\/5551992513859\">Divemaster<\/a><\/h3>\n                                <p>\u00c9 o primeiro n\u00edvelprofissional no mergulho recreativo, focado em supervisionar atividades, guiar mergulhadores certificados e auxiliar instrutores. Habilita profissionais a trabalharem remuneradamente em embarca\u00e7\u00f5es ao redor do mundo, focando em seguran\u00e7a, gest\u00e3o de riscos e guia subaqu\u00e1tico.<\/p>\n                            <\/div><!-- \/.course-one__content -->\n\t\t\t\t\t\t\t                            <a href=\"http:\/\/wa.me\/5551992513859\" class=\"course-one__book-link\">Quero ser PRO<\/a>\n\t\t\t\t\t\t\t                        <\/div><!-- \/.course-one__single -->\n\t\t\t\t\t<\/div><!-- \/.col-lg-4 col-md-6 -->\n\t\t\t\t\t\t\t\t\t\t<div class=\"col-lg-4 col-md-6\">\n\t\t\t\t\t\t<div class=\"course-one__single\">\n                            <div class=\"course-one__image\">\n                                <a href=\"http:\/\/wa.me\/5551992513859\" class=\"course-one__cat\">Especialidade<\/a>\n                                <div class=\"course-one__image-inner\">\n                                    <img decoding=\"async\" src=\"https:\/\/somossubaquatica.com.br\/wp-content\/uploads\/2026\/02\/626c21cf-b6d3-43d1-b01e-96637f1f392f-e1771597676308.jpeg\" alt=\"\">\n                                    <a href=\"http:\/\/wa.me\/5551992513859\"><i class=\"scubo-icon-plus-symbol\"><\/i><\/a>\n                                <\/div><!-- \/.course-one__image-inner -->\n                            <\/div><!-- \/.course-one__image -->\n                            <div class=\"course-one__content hvr-sweep-to-bottom\">\n                                <h3><a href=\"http:\/\/wa.me\/5551992513859\">Nitrox<\/a><\/h3>\n                                <p>Participando da Especializa\u00e7\u00e3o Enriched Air Diver PADI, voc\u00ea receber\u00e1 mais uma certifica\u00e7\u00e3o e ficar\u00e1 habilitado a usar misturas gasosas para aumentar seu limite n\u00e3o descompressivo.\n\n<br>Imagina ter mais tempo para curtir seu naufr\u00e1gio favorito? <\/p>\n                            <\/div><!-- \/.course-one__content -->\n\t\t\t\t\t\t\t                            <a href=\"http:\/\/wa.me\/5551992513859\" class=\"course-one__book-link\">Quero ter o nitrox<\/a>\n\t\t\t\t\t\t\t                        <\/div><!-- \/.course-one__single -->\n\t\t\t\t\t<\/div><!-- \/.col-lg-4 col-md-6 -->\n\t\t\t\t\t\t\t\t\t\t<div class=\"col-lg-4 col-md-6\">\n\t\t\t\t\t\t<div class=\"course-one__single\">\n                            <div class=\"course-one__image\">\n                                <a href=\"http:\/\/wa.me\/5551992513859\" class=\"course-one__cat\">Especialidade<\/a>\n                                <div class=\"course-one__image-inner\">\n                                    <img decoding=\"async\" src=\"https:\/\/somossubaquatica.com.br\/wp-content\/uploads\/2026\/02\/WhatsApp-Image-2026-02-20-at-11.29.56-e1771597939475.jpeg\" alt=\"\">\n                                    <a href=\"http:\/\/wa.me\/5551992513859\"><i class=\"scubo-icon-plus-symbol\"><\/i><\/a>\n                                <\/div><!-- \/.course-one__image-inner -->\n                            <\/div><!-- \/.course-one__image -->\n                            <div class=\"course-one__content hvr-sweep-to-bottom\">\n                                <h3><a href=\"http:\/\/wa.me\/5551992513859\">Project Aware <\/a><\/h3>\n                                <p>Se especialize em cursos de conserva\u00e7\u00e3o dos animais e oceanos, participe de a\u00e7\u00f5es de limpeza e cuidado com meio ambiente.H\u00e1 mais de 30 anos, a PADI AWARE tem promovido a\u00e7\u00f5es locais para a conserva\u00e7\u00e3o global dos oceanos, unindo mergulhadores, cientistas e defensores dos oceanos.<\/p>\n                            <\/div><!-- \/.course-one__content -->\n\t\t\t\t\t\t\t                            <a href=\"http:\/\/wa.me\/5551992513859\" class=\"course-one__book-link\">Quero ajudar o oceano<\/a>\n\t\t\t\t\t\t\t                        <\/div><!-- \/.course-one__single -->\n\t\t\t\t\t<\/div><!-- \/.col-lg-4 col-md-6 -->\n\t\t\t\t\t\t\t\t\t<\/div><!-- \/.row -->\n\t\t\t<\/div><!-- \/.container -->\n\t\t<\/section><!-- \/.course-one -->\n            \n\t\t\t\t\t\t<\/div>\n\t\t\t\t<\/div>\n\t\t\t\t\t<\/div>\n\t\t<\/div>\n\t\t\t\t\t<\/div>\n\t\t<\/section>\n\t\t\t\t<\/div>\n\t\t","protected":false},"excerpt":{"rendered":"<p>Primeiro curso Open Water Diver \u00c9 neste curso que voc\u00ea aprender\u00e1 os fundamentos e t\u00e9cnicas para se tornar um mergulhador certificado. Ao finalizar voc\u00ea receber\u00e1 a certifica\u00e7\u00e3o internacional PADI e ficar\u00e1 habilitado a mergulhar at\u00e9 18 metros de profundidade. Quero ser mergulhador (a) Avan\u00e7ado Advanced Open Water Diver Neste curso vamos ampliar suas habilidades de [&hellip;]<\/p>\n","protected":false},"author":1,"featured_media":0,"parent":0,"menu_order":0,"comment_status":"closed","ping_status":"closed","template":"tpl-default-elementor.php","meta":{"footnotes":""},"class_list":["post-282","page","type-page","status-publish","hentry"],"_links":{"self":[{"href":"https:\/\/somossubaquatica.com.br\/index.php\/wp-json\/wp\/v2\/pages\/282","targetHints":{"allow":["GET"]}}],"collection":[{"href":"https:\/\/somossubaquatica.com.br\/index.php\/wp-json\/wp\/v2\/pages"}],"about":[{"href":"https:\/\/somossubaquatica.com.br\/index.php\/wp-json\/wp\/v2\/types\/page"}],"author":[{"embeddable":true,"href":"https:\/\/somossubaquatica.com.br\/index.php\/wp-json\/wp\/v2\/users\/1"}],"replies":[{"embeddable":true,"href":"https:\/\/somossubaquatica.com.br\/index.php\/wp-json\/wp\/v2\/comments?post=282"}],"version-history":[{"count":14,"href":"https:\/\/somossubaquatica.com.br\/index.php\/wp-json\/wp\/v2\/pages\/282\/revisions"}],"predecessor-version":[{"id":1317,"href":"https:\/\/somossubaquatica.com.br\/index.php\/wp-json\/wp\/v2\/pages\/282\/revisions\/1317"}],"wp:attachment":[{"href":"https:\/\/somossubaquatica.com.br\/index.php\/wp-json\/wp\/v2\/media?parent=282"}],"curies":[{"name":"wp","href":"https:\/\/api.w.org\/{rel}","templated":true}]}}