{"id":1262,"date":"2026-02-21T12:01:57","date_gmt":"2026-02-21T12:01:57","guid":{"rendered":"https:\/\/somossubaquatica.com.br\/somossub\/?page_id=1262"},"modified":"2026-02-26T13:35:32","modified_gmt":"2026-02-26T13:35:32","slug":"open-water-diver","status":"publish","type":"page","link":"https:\/\/somossubaquatica.com.br\/index.php\/open-water-diver\/","title":{"rendered":"Open Water Diver PADI"},"content":{"rendered":"\t\t<div data-elementor-type=\"wp-page\" data-elementor-id=\"1262\" class=\"elementor elementor-1262\">\n\t\t\t\t\t\t<section class=\"elementor-section elementor-top-section elementor-element elementor-element-824fd0b elementor-section-full_width elementor-section-height-default elementor-section-height-default\" data-id=\"824fd0b\" data-element_type=\"section\" data-e-type=\"section\">\n\t\t\t\t\t\t<div class=\"elementor-container elementor-column-gap-no\">\n\t\t\t\t\t<div class=\"elementor-column elementor-col-100 elementor-top-column elementor-element elementor-element-1828b8f2\" data-id=\"1828b8f2\" data-element_type=\"column\" data-e-type=\"column\">\n\t\t\t<div class=\"elementor-widget-wrap elementor-element-populated\">\n\t\t\t\t\t\t<div class=\"elementor-element elementor-element-108ce224 elementor-widget elementor-widget-scubo_course_details1\" data-id=\"108ce224\" data-element_type=\"widget\" data-e-type=\"widget\" data-widget_type=\"scubo_course_details1.default\">\n\t\t\t\t<div class=\"elementor-widget-container\">\n\t\t\t\t\t\n        <section class=\"course-details one\">\n            <div class=\"container\">\n                <div class=\"course-details__image\">\n                       \n\t\t\t\t\t<img decoding=\"async\" src=\"https:\/\/somossubaquatica.com.br\/wp-content\/uploads\/2026\/02\/WhatsApp-Image-2026-02-19-at-19.09.48-2-e1771672552564.jpeg\" alt=\"\"\/>\n\t\t\t\t\t                    <div class=\"course-details__infos wow fadeInRight\" data-wow-duration=\"1500ms\">\n                        <div class=\"course-details__infos-title\">DETALHES<\/div>\n\t\t\t\t\t\t                        <div class=\"course-details__infos-single\">\n                            <span>TEORIA<\/span>\n                            <p><\/p>\n                        <\/div>\n\t\t\t\t\t\t                        <div class=\"course-details__infos-single\">\n                            <span>6<\/span>\n                            <p>HORAS  DE PRATICA DE PISCINA EM PORTO ALEGRE<\/p>\n                        <\/div>\n\t\t\t\t\t\t                        <div class=\"course-details__infos-single\">\n                            <span>4<\/span>\n                            <p>MERGULHOS<BR> NO MAR DE FLORIPA<\/p>\n                        <\/div>\n\t\t\t\t\t\t                    <\/div><!-- \/.course-details__infos -->\n                <\/div><!-- \/.course-details__image -->\n            <\/div><!-- \/.container -->\n        <\/section><!-- \/.course-details -->\n            \n\t\t\t\t\t\t<\/div>\n\t\t\t\t<\/div>\n\t\t\t\t\t<\/div>\n\t\t<\/div>\n\t\t\t\t\t<\/div>\n\t\t<\/section>\n\t\t\t\t<section class=\"elementor-section elementor-top-section elementor-element elementor-element-81dc3c3 elementor-section-full_width elementor-section-height-default elementor-section-height-default\" data-id=\"81dc3c3\" data-element_type=\"section\" data-e-type=\"section\">\n\t\t\t\t\t\t<div class=\"elementor-container elementor-column-gap-no\">\n\t\t\t\t\t<div class=\"elementor-column elementor-col-100 elementor-top-column elementor-element elementor-element-6069036a\" data-id=\"6069036a\" data-element_type=\"column\" data-e-type=\"column\">\n\t\t\t<div class=\"elementor-widget-wrap elementor-element-populated\">\n\t\t\t\t\t\t<div class=\"elementor-element elementor-element-5858c35f elementor-widget elementor-widget-scubo_course_details2\" data-id=\"5858c35f\" data-element_type=\"widget\" data-e-type=\"widget\" data-widget_type=\"scubo_course_details2.default\">\n\t\t\t\t<div class=\"elementor-widget-container\">\n\t\t\t\t\t\n        <section class=\"course-details two\">\n            <div class=\"container\">\n                <div class=\"course-details__content\">\n                    <h3><BR> OPEN WATER DIVER<\/h3>\n                    <p>1. Teoria: PADI eLearning\nAntes de colocar a nadadeira na \u00e1gua, voc\u00ea precisa entender a f\u00edsica e a fisiologia do mergulho.<BR>\n\nComo funciona: Voc\u00ea recebe um acesso para a plataforma online da PADI.<BR>\n\nVantagem: Pode estudar no celular, tablet ou computador, onde e quando quiser.<BR>\n\nConte\u00fado: V\u00eddeos, textos e question\u00e1rios de revis\u00e3o.<BR>\n\nMeta: Completar todos os m\u00f3dulos e o exame final online antes da aula pr\u00e1tica.<BR><BR>\n\n2. Pr\u00e1tica em Piscina (Confined Water)\n\u00c9 aqui que a m\u00e1gica come\u00e7a. <BR>Utilizamos a estrutura da AABB da Zona Sul em Porto Alegre para esta etapa.<BR>\n\n<BR>Dura\u00e7\u00e3o: Aproximadamente 6 horas intensas de treinamento.<BR>\n\n<BR>O que voc\u00ea pratica:\n\nMontagem e checagem do equipamento.\n<BR>\nExerc\u00edcios de respira\u00e7\u00e3o e flutuabilidade.\n<BR>\nProcedimentos de seguran\u00e7a na superf\u00edcie e subaqu\u00e1ticos. <BR>\n(Ser\u00e3o treinadas 24 habilidades mais as habilidades flex\u00edveis)\n<BR><BR>\nAmbiente: \u00c1gua calma e controlada, ideal para ganhar confian\u00e7a antes do mar.\n<BR><BR>\n3. Viagem para Florian\u00f3polis para Checkout:\nCom a teoria e a piscina conclu\u00eddas, voc\u00ea parte para a pratica de mar.\n<BR>\nLocal: Normalmente realizado na Ilha do Arvoredo, em Florian\u00f3polis, um dos melhores pontos de mergulho do Sul do Brasil.<BR>\n\n<BR>Ser\u00e3o realizadas duas sa\u00eddas embarcadas para realiza\u00e7\u00e3o de  4 mergulhos (geralmente divididos em dois dias e feitos em um final de semana).\n<BR>\nAvalia\u00e7\u00e3o: Voc\u00ea colocar\u00e1 em pr\u00e1tica suas novas habilidades, mas agora em ambiente real, sempre acompanhado de perto por nossas instrutoras PADI.<BR>\n<BR>\nAo concluir com sucesso, voc\u00ea ter\u00e1 a carteira PADI Open Water Diver, que \u00e9 aceita internacionalmente e permite que voc\u00ea mergulhe at\u00e9 18 metros de profundidade em qualquer lugar do mundo.<\/p>\n                    <h4>pr\u00e9 requisitos<\/h4>\n                    <p>Para se inscrever no curso Open Water Diver com a SomosSub, voc\u00ea n\u00e3o precisa ser um atleta profissional, mas existem alguns pr\u00e9-requisitos fundamentais de seguran\u00e7a e habilidades que garantem que voc\u00ea aproveite o curso com tranquilidade.<BR><BR>\n\nAqui est\u00e3o os requisitos principais:<BR>\n\n<BR>1. Idade M\u00ednima<BR>\nA partir de 10 anos: Crian\u00e7as de 10 a 14 anos recebem a certifica\u00e7\u00e3o Junior Open Water Diver <BR>(com limites de profundidade e necessidade de acompanhamento de um adulto certificado ou profissional).<BR>\n\n15 anos ou mais: Recebem a certifica\u00e7\u00e3o padr\u00e3o Open Water Diver.<BR>\n<BR>\n2. Condi\u00e7\u00f5es de Sa\u00fade<BR>\nQuestion\u00e1rio M\u00e9dico: Voc\u00ea dever\u00e1 preencher uma declara\u00e7\u00e3o de sa\u00fade da PADI. <BR>Se voc\u00ea responder \"SIM\" a qualquer item (como asma, problemas card\u00edacos ou press\u00e3o alta), <BR>precisar\u00e1 de um atestado m\u00e9dico espec\u00edfico liberando voc\u00ea para a pr\u00e1tica de mergulho aut\u00f4nomo.<BR><BR>\n\n3. Boa forma f\u00edsica: <BR>\u00c9 necess\u00e1rio ter condi\u00e7\u00f5es f\u00edsicas razo\u00e1veis para carregar o equipamento e mergulhar.\n\n\n\n<BR><BR>4. Compromisso com a Teoria\neLearning completo:<BR> <BR>\u00c9 requisito obrigat\u00f3rio ter conclu\u00eddo todos os m\u00f3dulos da teoria online antes de entrar na piscina na AABB. <BR>Isso garante que voc\u00ea saiba o porqu\u00ea de cada exerc\u00edcio que far\u00e1 na pr\u00e1tica.<\/p>\n                    <p><BR><BR>O QUE INCLUI:<BR><BR>\n\n\n*Teoria e Material: Material did\u00e1tico PADI eLearning (com acesso vital\u00edcio para consulta).<BR>\n\n<BR>*Pr\u00e1tica em Porto Alegre: Aula de piscina (6 horas na AABB) <BR><BR>*Equipamento para as aulas pr\u00e1ticas: cilindro, colete, regulador, roupa, <BR>m\u00e1scara, nadadeiras e lastros.<BR>\n\n\n<BR>*Checkout no Mar (Florian\u00f3polis):\n\nSa\u00eddas embarcadas para os mergulhos de certifica\u00e7\u00e3o.<BR><BR>\n\n\n*Acompanhamento de instrutora certificada <BR> <BR>*Ap\u00f3s concluir todas as etapas voce recebera a credencial internacional PADI para mergulhar em qualquer lugar do mundo <BR>em uma profundidade de ate 18 metros.<BR><BR>*Seguro atividades de aventura<BR><BR>\n*Op\u00e7\u00e3o de hospedagem em Florian\u00f3polis (de sexta a domingo).*\n<\/p>\n\t\t\t\t\t                    <a href=\"http:\/\/wa.me\/5551992513859\" class=\"thm-btn course-details__btn\">Quero realizar minha matr\u00edcula  <\/a>\n\t\t\t\t\t\t\n                <\/div><!-- \/.course-details__content -->\n            <\/div><!-- \/.container -->\n        <\/section><!-- \/.course-details -->\n            \n\t\t\t\t\t\t<\/div>\n\t\t\t\t<\/div>\n\t\t\t\t\t<\/div>\n\t\t<\/div>\n\t\t\t\t\t<\/div>\n\t\t<\/section>\n\t\t\t\t<\/div>\n\t\t","protected":false},"excerpt":{"rendered":"<p>DETALHES TEORIA 6 HORAS DE PRATICA DE PISCINA EM PORTO ALEGRE 4 MERGULHOS NO MAR DE FLORIPA OPEN WATER DIVER 1. Teoria: PADI eLearning Antes de colocar a nadadeira na \u00e1gua, voc\u00ea precisa entender a f\u00edsica e a fisiologia do mergulho. Como funciona: Voc\u00ea recebe um acesso para a plataforma online da PADI. Vantagem: Pode [&hellip;]<\/p>\n","protected":false},"author":1,"featured_media":0,"parent":0,"menu_order":0,"comment_status":"closed","ping_status":"closed","template":"tpl-default-elementor.php","meta":{"footnotes":""},"class_list":["post-1262","page","type-page","status-publish","hentry"],"_links":{"self":[{"href":"https:\/\/somossubaquatica.com.br\/index.php\/wp-json\/wp\/v2\/pages\/1262","targetHints":{"allow":["GET"]}}],"collection":[{"href":"https:\/\/somossubaquatica.com.br\/index.php\/wp-json\/wp\/v2\/pages"}],"about":[{"href":"https:\/\/somossubaquatica.com.br\/index.php\/wp-json\/wp\/v2\/types\/page"}],"author":[{"embeddable":true,"href":"https:\/\/somossubaquatica.com.br\/index.php\/wp-json\/wp\/v2\/users\/1"}],"replies":[{"embeddable":true,"href":"https:\/\/somossubaquatica.com.br\/index.php\/wp-json\/wp\/v2\/comments?post=1262"}],"version-history":[{"count":11,"href":"https:\/\/somossubaquatica.com.br\/index.php\/wp-json\/wp\/v2\/pages\/1262\/revisions"}],"predecessor-version":[{"id":1324,"href":"https:\/\/somossubaquatica.com.br\/index.php\/wp-json\/wp\/v2\/pages\/1262\/revisions\/1324"}],"wp:attachment":[{"href":"https:\/\/somossubaquatica.com.br\/index.php\/wp-json\/wp\/v2\/media?parent=1262"}],"curies":[{"name":"wp","href":"https:\/\/api.w.org\/{rel}","templated":true}]}}